ens digit of p?
5
Let o = -147 - -205. What is the units digit of o?
8
Let r(x) = -6*x + 29. Suppose -50 - 2 = 4*w. What is the hundreds digit of r(w)?
1
Let s be 314/14 - (-9)/(-21). Let i = s - -13. What is the tens digit of i?
3
Let h = -1243 - -1747. Suppose v = 13*v - h. What is the units digit of v?
2
Let u = -708 - -1573. What is the hundreds digit of u?
8
What is the units digit of (-102088)/(-210) - (-8)/(-60)?
6
Let v(i) be the third derivative of 17*i**6/60 + i**5/60 - i**4/12 + i**3/6 - 60*i**2. Let k be -2 - ((1 - -1) + -5). What is the units digit of v(k)?
4
Let h be -141*(2/(2/(-3)) - 0). Let f = h + -200. What is the units digit of f?
3
Let s(c) = c**3 - 21*c**2 + 29*c + 9. Let n be s(21). Let a = -403 + n. What is the tens digit of a?
1
Let n(b) = -b**3 - 5*b**2 + 7*b + 8. Let d be n(-6). Suppose 0 = -4*h + d*u + 216, 2*u - 96 = -2*h - 3*u. What is the units digit of h?
3
Let d(o) = -42 + 11 + 12*o - 13 - 33*o. What is the tens digit of d(-8)?
2
Suppose 5218 = 12*i - 3914. What is the units digit of i?
1
Let z(v) = -v**2 + v + 1. Let g be z(4). Let f = 4 + g. Let y = f + 11. What is the units digit of y?
4
Let s(y) = 10*y - 5. Let t(b) = 19*b - 10. Let f(q) = 11*s(q) - 6*t(q). What is the tens digit of f(-15)?
6
Suppose 8*x + 2*x - 30 = 0. Suppose x*u - 2*p - 220 = 0, -u + p + 51 = -22. What is the units digit of u?
4
Suppose -3*o - 2*o + 25 = 0. Suppose 2*w = o*p - 547, -w + 381 + 67 = 4*p. What is the units digit of p?
1
Let w(o) = -o**3 - 6*o**2 + 3*o + 5. Let g be w(-6). Let b = 46 + -58. Let f = b - g. What is the units digit of f?
1
Let b be (-1 + 147)*17/34. Let t = 168 + b. What is the hundreds digit of t?
2
Suppose -5*w + 7*w + 5*j - 1324 = 0, 3*j - 662 = -w. What is the tens digit of w?
6
Let m = -58 + 54. Let w(r) = -22*r - 7. What is the units digit of w(m)?
1
Let b(x) = -x**3 + 7*x**2 + 7*x - 2. Let u be b(6). Suppose -108 = -4*o + u. What is the units digit of o?
6
Suppose 0 = -s + 2*s - 1. Let j be 5 - 1 - s/(-1). Suppose -4*v + j*v = 25. What is the tens digit of v?
2
Suppose -2*n - 48 = n. Let b = n - -22. What is the tens digit of (-37)/(-3) - (-4)/b?
1
Suppose 10*i - 30 = -5*i. What is the tens digit of i/7 + (-1004)/(-14)?
7
Suppose -633 = -3*w + 36. Let l = w - -16. What is the units digit of l?
9
Let d(u) = u + 1. Suppose 0*t - 4*t = 5*h - 27, -5*t = 5*h - 25. What is the units digit of d(h)?
8
Let n(h) = 3*h**2 + 4*h - 7. Suppose 3*a = -5*t, -6*t + 22 = -2*a - 2*t. What is the units digit of n(a)?
8
Let i(n) = -6*n**2 - 7*n - 2. Let p(j) = -5*j**2 - 8*j - 1. Let k(x) = -4*i(x) + 5*p(x). What is the tens digit of k(-7)?
3
Let w(b) = 21*b - 1. Let n be w(1). Let z(d) = -d**3 + 5*d**2 + 8*d - 9. Let h be z(6). Suppose -p + n = h*p. What is the units digit of p?
5
Let k be 1/(2/8) + -14. Let y be (-3)/2*60/k. Suppose -5*t + y*t - 128 = 0. What is the tens digit of t?
3
What is the units digit of 15/12*(-5 + 921)?
5
Suppose 72 = -0*r + 2*r. Let u = -52 + r. Let a = u - -18. What is the units digit of a?
2
Let q(m) = m**2 - m. Let y(g) = -5*g**2 + 3*g + 11. Let z(o) = 6*q(o) + y(o). Let f be z(9). Let p = -36 + f. What is the tens digit of p?
2
What is the units digit of (0 + -8)/(-16) - 2529/(-2)?
5
Let u(s) = -s**2 + s + 6. Let t be u(3). Let w = t + 4. Suppose -4 = -w*c + 272. What is the tens digit of c?
6
Suppose -5*o - 2*s = s + 27, 4*s = 2*o - 10. What is the tens digit of (o*2)/(6/(-15))?
1
Let n = -93 + 93. Let a = 19 + -11. What is the units digit of a - ((n - -1) + 1)?
6
Let n = 17 - 17. Suppose 5*h = 40 - n. Let s(p) = p**3 - 7*p**2 - 5*p. What is the tens digit of s(h)?
2
Suppose -24*x = 3*x - 6777. What is the units digit of x?
1
Let h(p) = -p**3 - 15*p**2 - 7*p - 14. What is the units digit of h(-16)?
4
Suppose 3*d - 10 = d. Suppose -d*r - 27 = -5*j - 342, -1 = -j. What is the tens digit of r?
6
Let j be (6/(-4))/(4/(-8)). What is the units digit of 5 - (-1 - (-2 + j))?
7
What is the units digit of ((3019 + -18)*-2)/(4/(-2))?
1
Let v(j) = 2*j**2 + 4*j + 5. Let l be v(-1). Suppose -5*m + 82 = -l*o + 532, 300 = 2*o - 5*m. What is the units digit of o?
0
Let c(w) = -w**2 - 16*w - 18. Let j be c(10). Let p = j - -457. What is the hundreds digit of p?
1
Let j be -15*((-1)/5)/((-12)/20). Let q(t) = -35*t + 7. What is the hundreds digit of q(j)?
1
Let u be 48 - 5/(25/(-20)). Let t = u + -35. What is the tens digit of t?
1
Let v(b) = -71*b**2 + 4*b - 3. Let w be v(1). Let s = -36 - w. What is the units digit of s?
4
Let y(z) = 2*z**2 - 13*z - 5. Let r be y(7). Suppose r*u + 4 = 14. Suppose 5*o + v = 149, -u*o - 4*v + 152 = -6*v. What is the units digit of o?
0
Suppose 0 = 6*q - 2*q - 2*b - 730, 0 = q + 5*b - 199. Suppose 2*a = -2*a + q. What is the units digit of a?
6
Let p be 1 - 0 - (-33 - -1). Suppose o - p + 4 = 0. Suppose -5*s = -o - 26. What is the units digit of s?
1
Let q = 3 + 454. What is the tens digit of q?
5
Let y = 67 - 4. Suppose 0*i + z - 48 = -i, i - y = -4*z. Suppose 3 = -h - 3*s + 22, -3*h - 2*s + i = 0. What is the units digit of h?
3
What is the tens digit of 3 + (19 - 25/5)?
1
Suppose s - c = 3*c, 0 = 5*s - 2*c. What is the tens digit of (-36 + s)*4/(16/(-15))?
3
Let n = 3 - -2. Let a(l) = -4*l**2 - l + 0*l + n*l**2. What is the tens digit of a(5)?
2
Let q be 2/8 - (-10)/(-40). Suppose -3*g + 4*g + 10 = q. What is the tens digit of 2/(-4)*620/g?
3
Let b = 84 - 80. Suppose -3*w = a + a - 629, -b*a = -4*w + 812. What is the units digit of w?
7
Let i(v) be the third derivative of v**6/360 - v**5/30 + v**4/24 - v**3/2 - 3*v**2. Let p(g) be the first derivative of i(g). What is the units digit of p(4)?
1
Suppose 5*j = 40*c - 35*c - 20410, 5*j + 25 = 0. What is the thousands digit of c?
4
Suppose 3*w - 2255 = -4*d + 2*d, w = -3. What is the tens digit of d?
3
Let l(j) = -13*j**3 - 44*j**2 - j + 27. Let q(h) = 4*h**3 + 15*h**2 - 9. Let y(f) = -2*l(f) - 7*q(f). What is the units digit of y(-9)?
2
Suppose -8*w + 2560 = -9056. What is the tens digit of w?
5
Suppose -3*m + 2*m + k - 9 = 0, -35 = 3*m - k. Let j = m + 19. What is the units digit of j?
6
Suppose -5*m + 42 = 2*c, c = m + 10 - 3. Let j = c + -10. Suppose -v = j, -v + 68 = 3*r - 0*r. What is the units digit of r?
3
Suppose 26*u - 2660 = 16*u. What is the hundreds digit of u?
2
Let o be (-1 - (2 + -2))*281. Let m = o - -131. What is the units digit of 4/30 - 430/m?
3
Suppose -o = -15 - 23. Suppose f - 133 = -o. What is the units digit of f?
5
Let t(q) = q**2 + 2*q + 4. Let n be t(-2). Suppose 0 = n*w - 216 + 20. What is the tens digit of w?
4
Suppose f = 959 - 151. What is the hundreds digit of f?
8
Let m = 18 - 14. Let l(d) = -d**2 + 3*d + 9. What is the units digit of l(m)?
5
Let s be (-1)/(-5) + ((-102)/(-15) - 3). Suppose -3*n + s*n = 46. What is the tens digit of n?
4
Let r be (114/(-8))/(4/(-128)). Suppose -5*q - r = -1446. What is the units digit of q?
8
Suppose -417 = -5*u + f + 1678, 2*f = -5*u + 2080. What is the tens digit of u?
1
Suppose -4*j = 3*z + 301, 3*z + 182 = -2*j + 39. Suppose 3*d + t + 159 = 0, 7*d = 2*d + t - 273. Let r = d - j. What is the units digit of r?
5
Let c(a) be the first derivative of a**2/2 + 4*a + 3. Let u be -1*(-9)/(-6)*-2. What is the units digit of c(u)?
7
Suppose -7*o + 2 + 33 = 0. Let t(n) = 5*n**2 - n - 6. Let y be t(o). What is the tens digit of y/4 + 14/(-28)?
2
Suppose 0 = -2*v + 11*v - 1899. What is the tens digit of v?
1
Let d(u) = 1463*u**3 - 4*u**2 + 4*u. What is the thousands digit of d(1)?
1
Suppose 0 = 5*q, 3*f + 0*f - 1740 = 5*q. Let c be f/30 - 4/(-6). Let r = c - 4. What is the tens digit of r?
1
Let v(n) = n**2 - 7*n + 7. Suppose 2*b + 9 = -7. Let u = 14 + b. What is the units digit of v(u)?
1
Suppose 18 + 12 = -15*q. Let f(n) = -9*n - 11. What is the units digit of f(q)?
7
Let p(d) be the second derivative of 5*d**4/6 + 5*d**3/6 - 9*d**2 - 20*d. What is the units digit of p(4)?
2
Let m(c) = 4 - 1 + 15*c + 3*c**3 + 9*c**2 - 4*c**3 + 9*c. What is the tens digit of m(11)?
2
Let d be (-2)/(-2) + (1 - -1). Suppose m + 4*k = 16, -4*m - d*k = 11 - 36. Suppose j = m*j - 102. What is the tens digit of j?
3
Suppose 4*q = 8*q. Suppose q = 4*r - 4*x + 4, x - 4*x - 3 = 3*r. Let w(n) = 5*n**2. What is the units digit of w(r)?
5
Let t(a) = -107*a - 37. What is the tens digit of t(-5)?
